he tens digit of 139797322?
2
What is the hundreds digit of 4270119885?
8
What is the thousands digit of 28152401?
2
What is the ten millions digit of 87646125?
8
What is the units digit of 634698530?
0
What is the hundreds digit of 132373044?
0
What is the units digit of 333677325?
5
What is the hundred thousands digit of 75283601?
2
What is the hundreds digit of 5526239372?
3
What is the hundreds digit of 709364327?
3
What is the tens digit of 290591922?
2
What is the tens digit of 186110281?
8
What is the ten thousands digit of 1249224547?
2
What is the ten millions digit of 102080577?
0
What is the ten millions digit of 2545453409?
4
What is the millions digit of 2767666458?
7
What is the tens digit of 245814974?
7
What is the thousands digit of 244099985?
9
What is the ten millions digit of 3658039175?
5
What is the tens digit of 166690159?
5
What is the millions digit of 83477685?
3
What is the hundreds digit of 8052098?
0
What is the hundred thousands digit of 3688326?
6
What is the thousands digit of 328795832?
5
What is the hundred thousands digit of 84877039?
8
What is the ten thousands digit of 62264787?
6
What is the hundreds digit of 149477247?
2
What is the ten thousands digit of 42597074?
9
What is the hundred thousands digit of 43532054?
5
What is the units digit of 499998513?
3
What is the ten thousands digit of 205294717?
9
What is the thousands digit of 192452310?
2
What is the units digit of 196332143?
3
What is the thousands digit of 152129186?
9
What is the thousands digit of 8057327545?
7
What is the ten thousands digit of 82454875?
5
What is the millions digit of 3384092841?
4
What is the ten millions digit of 161934931?
6
What is the millions digit of 138751424?
8
What is the ten millions digit of 420246039?
2
What is the hundreds digit of 798234934?
9
What is the billions digit of 5179728875?
5
What is the ten thousands digit of 2475610491?
1
What is the thousands digit of 659723164?
3
What is the ten millions digit of 50572805?
5
What is the thousands digit of 421994839?
4
What is the hundreds digit of 153427481?
4
What is the ten thousands digit of 29861566?
6
What is the ten thousands digit of 87556364?
5
What is the hundred millions digit of 105223325?
1
What is the ten millions digit of 808807889?
0
What is the tens digit of 117965306?
0
What is the hundreds digit of 677966881?
8
What is the ten thousands digit of 29358134?
5
What is the ten thousands digit of 1768253726?
5
What is the thousands digit of 1385721?
5
What is the tens digit of 336495004?
0
What is the billions digit of 2094854643?
2
What is the hundred millions digit of 3753758980?
7
What is the hundreds digit of 841028035?
0
What is the thousands digit of 2938846432?
6
What is the units digit of 34714752?
2
What is the hundreds digit of 776396428?
4
What is the tens digit of 412199995?
9
What is the tens digit of 1053339079?
7
What is the hundred millions digit of 263180346?
2
What is the units digit of 73218127?
7
What is the tens digit of 6782085?
8
What is the thousands digit of 2920223692?
3
What is the units digit of 251562794?
4
What is the tens digit of 71022545?
4
What is the units digit of 689383147?
7
What is the hundred thousands digit of 2581898743?
8
What is the hundred thousands digit of 293906255?
9
What is the millions digit of 9375637?
9
What is the units digit of 19288191?
1
What is the tens digit of 345088051?
5
What is the millions digit of 443811365?
3
What is the millions digit of 400458464?
0
What is the hundred thousands digit of 281698029?
6
What is the ten millions digit of 58724924?
5
What is the tens digit of 309314090?
9
What is the hundreds digit of 74264760?
7
What is the billions digit of 3056664752?
3
What is the ten thousands digit of 49491168?
9
What is the ten thousands digit of 53379523?
7
What is the hundred millions digit of 2257356109?
2
What is the thousands digit of 2789967976?
7
What is the units digit of 46222790?
0
What is the hundred thousands digit of 94748928?
7
What is the millions digit of 8126225576?
6
What is the thousands digit of 324560365?
0
What is the millions digit of 34192150?
4
What is the hundred millions digit of 2600428886?
6
What is the units digit of 808082581?
1
What is the hundred millions digit of 239192607?
2
What is the ten thousands digit of 144338810?
3
What is the units digit of 1974332553?
3
What is the tens digit of 90081409?
0
What is the thousands digit of 45528319?
8
What is the units digit of 213163073?
3
What is the units digit of 513341927?
7
What is the ten millions digit of 138856483?
3
What is the thousands digit of 919289142?
9
What is the thousands digit of 201760878?
0
What is the ten millions digit of 1146492625?
4
What is the hundred thousands digit of 1122355113?
3
What is the thousands digit of 28961866?
1
What is the units digit of 138374599?
9
What is the millions digit of 829908935?
9
What is the hundred millions digit of 176316950?
1
What is the hundreds digit of 265215473?
4
What is the millions digit of 16297604?
6
What is the units digit of 1001133200?
0
What is the tens digit of 10619807?
0
What is the tens digit of 69611201?
0
What is the millions digit of 531542405?
1
What is the tens digit of 3020243711?
1
What is the hundreds digit of 842671904?
9
What is the thousands digit of 309121368?
1
What is the hundreds digit of 1553612588?
5
What is the hundreds digit of 664795388?
3
What is the thousands digit of 5964799022?
9
What is the units digit of 81816688?
8
What is the hundred thousands digit of 1588811293?
8
What is the units digit of 87315324?
4
What is the millions digit of 4146702836?
6
What is the hundreds digit of 917142460?
4
What is the hundred thousands digit of 1330614282?
6
What is the thousands digit of 1252697882?
7
What is the ten thousands digit of 1528082207?
8
What is the hundred thousands digit of 30836332?
8
What is the millions digit of 653873423?
3
What is the millions digit of 223319500?
3
What is the tens digit of 366407457?
5
What is the ten millions digit of 103364821?
0
What is the hundreds digit of 87488635?
6
What is the ten thousands digit of 290846456?
4
What is the ten thousands digit of 302372089?
7
What is the thousands digit of 32921063?
1
What is the tens digit of 27894198?
9
What is the millions digit of 1594688036?
4
What is the units digit of 55122458?
8
What is the hundred millions digit of 219030324?
2
What is the ten millions digit of 5919604414?
1
What is the units digit of 972424698?
8
What is the tens digit of 117361890?
9
What is the ten thousands digit of 48888289?
8
What is the hundred thousands digit of 49509212?
5
What is the ten millions digit of 55927628?
5
What is the tens digit of 43627635?
3
What is the hundred millions digit of 328548052?
3
What is the tens digit of 47026021?
2
What is the hundred thousands digit of 329602006?
6
What is the thousands digit of 2344347130?
7
What is the millions digit of 922712837?
2
What is the millions digit of 4437241790?
7
What is the hundreds digit of 35619593?
5
What is the tens digit of 100196939?
3
What is the units digit of 257752430?
0
What is the billions digit of 1088100928?
1
What is the ten millions digit of 283603266?
8
What is the billions digit of 2497163371?
2
What is the thousands digit of 42002030?
2
What is the billions digit of 1414302551?
1
What is the ten millions digit of 41634393?
4
What is the hundred thousands digit of 420855235?
8
What is the millions digit of 298997781?
8
What is the hundreds digit of 25271147?
1
What is the tens digit of 73107433?
3
What is the tens digit of 155777532?
3
What is the units digit of 70614978?
8
What is the hundred millions digit of 3501131512?
5
What is the hundreds digit of 211100154?
1
What is the thousands digit of 328592009?
2
What is the hundreds digit of 2463312633?
6
What is the hundred thousands digit of 538134729?
1
What is the millions digit of 345110268?
5
What is the units digit of 97191079?
9
What is the ten thousands digit of 5855442510?
4
What is the millions digit of 2176109854?
6
What is the thousands digit of 75518924?
8
What is the tens digit of 147811775?
7
What is the ten millions digit of 351732119?
5
What is the hundreds digit of 259230589?
5
What is the units digit of 25